{"id":1105,"date":"2020-06-30T19:01:31","date_gmt":"2020-06-30T22:01:31","guid":{"rendered":"https:\/\/hospitaljuanpablo.gob.ar\/demo\/?page_id=1105"},"modified":"2025-11-09T20:46:36","modified_gmt":"2025-11-09T23:46:36","slug":"neumonologia","status":"publish","type":"page","link":"https:\/\/hospitaljuanpablo.gob.ar\/?page_id=1105","title":{"rendered":"Neumonolog\u00eda"},"content":{"rendered":"\n<p>Estudio de pacientes con sintomatolog\u00eda respiratoria sin diagn\u00f3stico identificado, atenci\u00f3n preventiva, diagn\u00f3stica y terap\u00e9utica de los pacientes con patolog\u00eda respiratoria cr\u00f3nica minoritaria, grave y compleja. Seguimiento cercano y multidisciplinar del ni\u00f1o o ni\u00f1a con fibrosis qu\u00edstica para mejorar su calidad de vida y pron\u00f3stico.<\/p>\n\n\n\n<h2 class=\"wp-block-heading\">Profesionales:<\/h2>\n\n\n\n<p>Dra. Acu\u00f1a Ricardo, Josefina (Jefe del Servicio) <br>Dr. Borda, Ricardo Mauricio. <br>Dra. Ramirez Farias, Mar\u00eda.<\/p>\n\n\n\n<p><strong>Turnos: Segui el paso a paso en la pagina de turnos, podes acceder mediante el boton de abajo.<\/strong><\/p>\n\n\n\n<div class=\"wp-block-buttons is-content-justification-center is-layout-flex wp-container-core-buttons-is-layout-a89b3969 wp-block-buttons-is-layout-flex\">\n<div class=\"wp-block-button\"><a class=\"wp-block-button__link wp-element-button\" href=\"https:\/\/hospitaljuanpablo.gob.ar\/demo\/?page_id=1216\" style=\"border-width:5px;border-radius:100px\">Sacar Turno<\/a><\/div>\n<\/div>\n","protected":false},"excerpt":{"rendered":"<p>Estudio de pacientes con sintomatolog\u00eda respiratoria sin diagn\u00f3stico identificado, atenci\u00f3n preventiva, diagn\u00f3stica y terap\u00e9utica de los pacientes con patolog\u00eda respiratoria cr\u00f3nica minoritaria, grave y compleja. Seguimiento cercano y multidisciplinar del ni\u00f1o o ni\u00f1a con fibrosis qu\u00edstica para mejorar su calidad de vida y pron\u00f3stico. Profesionales: Dra. Acu\u00f1a Ricardo, Josefina (Jefe del Servicio) Dr. Borda, Ricardo [&hellip;]<\/p>\n","protected":false},"author":9,"featured_media":0,"parent":976,"menu_order":0,"comment_status":"closed","ping_status":"closed","template":"","meta":{"_uag_custom_page_level_css":"","footnotes":""},"class_list":["post-1105","page","type-page","status-publish","hentry"],"uagb_featured_image_src":{"full":false,"thumbnail":false,"medium":false,"medium_large":false,"large":false,"1536x1536":false,"2048x2048":false},"uagb_author_info":{"display_name":"Gonzalo Romero","author_link":"https:\/\/hospitaljuanpablo.gob.ar\/?author=9"},"uagb_comment_info":0,"uagb_excerpt":"Estudio de pacientes con sintomatolog\u00eda respiratoria sin diagn\u00f3stico identificado, atenci\u00f3n preventiva, diagn\u00f3stica y terap\u00e9utica de los pacientes con patolog\u00eda respiratoria cr\u00f3nica minoritaria, grave y compleja. Seguimiento cercano y multidisciplinar del ni\u00f1o o ni\u00f1a con fibrosis qu\u00edstica para mejorar su calidad de vida y pron\u00f3stico. Profesionales: Dra. Acu\u00f1a Ricardo, Josefina (Jefe del Servicio) Dr. Borda, Ricardo&hellip;","_links":{"self":[{"href":"https:\/\/hospitaljuanpablo.gob.ar\/index.php?rest_route=\/wp\/v2\/pages\/1105","targetHints":{"allow":["GET"]}}],"collection":[{"href":"https:\/\/hospitaljuanpablo.gob.ar\/index.php?rest_route=\/wp\/v2\/pages"}],"about":[{"href":"https:\/\/hospitaljuanpablo.gob.ar\/index.php?rest_route=\/wp\/v2\/types\/page"}],"author":[{"embeddable":true,"href":"https:\/\/hospitaljuanpablo.gob.ar\/index.php?rest_route=\/wp\/v2\/users\/9"}],"replies":[{"embeddable":true,"href":"https:\/\/hospitaljuanpablo.gob.ar\/index.php?rest_route=%2Fwp%2Fv2%2Fcomments&post=1105"}],"version-history":[{"count":1,"href":"https:\/\/hospitaljuanpablo.gob.ar\/index.php?rest_route=\/wp\/v2\/pages\/1105\/revisions"}],"predecessor-version":[{"id":2647,"href":"https:\/\/hospitaljuanpablo.gob.ar\/index.php?rest_route=\/wp\/v2\/pages\/1105\/revisions\/2647"}],"up":[{"embeddable":true,"href":"https:\/\/hospitaljuanpablo.gob.ar\/index.php?rest_route=\/wp\/v2\/pages\/976"}],"wp:attachment":[{"href":"https:\/\/hospitaljuanpablo.gob.ar\/index.php?rest_route=%2Fwp%2Fv2%2Fmedia&parent=1105"}],"curies":[{"name":"wp","href":"https:\/\/api.w.org\/{rel}","templated":true}]}}

Neumonología

<p>Estudio de pacientes con sintomatología respiratoria sin diagnóstico identificado, atención preventiva, diagnóstica y terapéutica de los pacientes con patología respiratoria crónica minoritaria, grave y compleja. Seguimiento cercano y multidisciplinar del niño o niña con fibrosis quística para mejorar su calidad de vida y pronóstico.</p>



<h2 class="wp-block-heading">Profesionales:</h2>



<p>Dra. Acuña Ricardo, Josefina (Jefe del Servicio) <br>Dr. Borda, Ricardo Mauricio. <br>Dra. Ramirez Farias, María.</p>



<p><strong>Turnos: Segui el paso a paso en la pagina de turnos, podes acceder mediante el boton de abajo.</strong></p>



<div class="wp-block-buttons is-content-justification-center is-layout-flex wp-container-core-buttons-is-layout-a89b3969 wp-block-buttons-is-layout-flex">
<div class="wp-block-button"><a class="wp-block-button__link wp-element-button" href="https://hospitaljuanpablo.gob.ar/demo/?page_id=1216" style="border-width:5px;border-radius:100px">Sacar Turno</a></div>
</div>

<p>Estudio de pacientes con sintomatología respiratoria sin diagnóstico identificado, atención preventiva, diagnóstica y terapéutica de los pacientes con patología respiratoria crónica minoritaria, grave y compleja. Seguimiento cercano y multidisciplinar del niño o niña con fibrosis quística para mejorar su calidad de vida y pronóstico. Profesionales: Dra. Acuña Ricardo, Josefina (Jefe del Servicio) Dr. Borda, Ricardo [&hellip;]</p>

Estudio de pacientes con sintomatología respiratoria sin diagnóstico identificado, atención preventiva, diagnóstica y terapéutica de los pacientes con patología respiratoria crónica minoritaria, grave y compleja. Seguimiento cercano y multidisciplinar del niño o niña con fibrosis quística para mejorar su calidad de vida y pronóstico. Profesionales: Dra. Acuña Ricardo, Josefina (Jefe del Servicio) Dr. Borda, Ricardo&hellip;
