{"id":14,"date":"2015-11-19T13:00:24","date_gmt":"2015-11-19T13:00:24","guid":{"rendered":"http:\/\/localhost\/hospital\/?page_id=14"},"modified":"2026-01-13T10:45:31","modified_gmt":"2026-01-13T13:45:31","slug":"contacto","status":"publish","type":"page","link":"https:\/\/hospitaljuanpablo.gob.ar\/?page_id=14","title":{"rendered":"CONTACTO"},"content":{"rendered":"\n<div style=\"width: 100%; height: 600px; overflow: hidden;\"><iframe loading=\"lazy\" style=\"border: 0;\" src=\"https:\/\/maps.google.com\/maps?q=Av.%20Artigas%201435%2C%20Corrientes%20&amp;t=m&amp;z=14&amp;output=embed&amp;iwloc=near\" width=\"100%\" height=\"100%\" frameborder=\"0\" marginwidth=\"0\" marginheight=\"0\" scrolling=\"no\" aria-label=\"Av. Artigas 1435, Corrientes\">\n    <\/iframe><\/div>\n\n\n\n<div class=\"wp-block-group has-global-padding is-content-justification-left is-layout-constrained wp-container-core-group-is-layout-1ad27c61 wp-block-group-is-layout-constrained\" style=\"padding-right:0;padding-left:0\">\n<p>&nbsp;CONTACTO Y HORARIOS<\/p>\n\n\n\n<p>Tel\u00e9fono: <strong>0379 447-5300<\/strong><\/p>\n\n\n\n<p><strong>Todos los d\u00edas<\/strong><\/p>\n\n\n\n<p>Atenci\u00f3n 24 hs.<\/p>\n\n\n\n<div class=\"wp-block-group has-global-padding is-layout-constrained wp-block-group-is-layout-constrained\">\n<div class=\"wp-block-group is-vertical is-layout-flex wp-container-core-group-is-layout-fe9cc265 wp-block-group-is-layout-flex\">\n<p>Redes Sociales  <\/p>\n\n\n\n<div class=\"wp-block-group is-nowrap is-layout-flex wp-container-core-group-is-layout-6c531013 wp-block-group-is-layout-flex\">      \n\t\t\t<div class=\"uagb-icon-wrapper uagb-block-91af326a      \"\n\t\t\tstyle=\"\" >\n\t\t\t\t\t\t\t\t\t<span class=\"uagb-svg-wrapper\" \n\t\t\t\t\t aria-label=\"instagram\"\t\t\t\t\ttabindex=\"0\">\t\t\n\t\t\t\t\t\t\t\t\t\t<a rel=\"noopener noreferrer\" href=\"https:\/\/www.instagram.com\/hospital.juanpabloll.ctes\/\" target=\"_self\"><svg xmlns=\"https:\/\/www.w3.org\/2000\/svg\" viewBox= \"0 0 448 512\" role=\"graphics-symbol\" aria-hidden=\"false\" aria-label=\"\"><path d=\"M224.1 141c-63.6 0-114.9 51.3-114.9 114.9s51.3 114.9 114.9 114.9S339 319.5 339 255.9 287.7 141 224.1 141zm0 189.6c-41.1 0-74.7-33.5-74.7-74.7s33.5-74.7 74.7-74.7 74.7 33.5 74.7 74.7-33.6 74.7-74.7 74.7zm146.4-194.3c0 14.9-12 26.8-26.8 26.8-14.9 0-26.8-12-26.8-26.8s12-26.8 26.8-26.8 26.8 12 26.8 26.8zm76.1 27.2c-1.7-35.9-9.9-67.7-36.2-93.9-26.2-26.2-58-34.4-93.9-36.2-37-2.1-147.9-2.1-184.9 0-35.8 1.7-67.6 9.9-93.9 36.1s-34.4 58-36.2 93.9c-2.1 37-2.1 147.9 0 184.9 1.7 35.9 9.9 67.7 36.2 93.9s58 34.4 93.9 36.2c37 2.1 147.9 2.1 184.9 0 35.9-1.7 67.7-9.9 93.9-36.2 26.2-26.2 34.4-58 36.2-93.9 2.1-37 2.1-147.8 0-184.8zM398.8 388c-7.8 19.6-22.9 34.7-42.6 42.6-29.5 11.7-99.5 9-132.1 9s-102.7 2.6-132.1-9c-19.6-7.8-34.7-22.9-42.6-42.6-11.7-29.5-9-99.5-9-132.1s-2.6-102.7 9-132.1c7.8-19.6 22.9-34.7 42.6-42.6 29.5-11.7 99.5-9 132.1-9s102.7-2.6 132.1 9c19.6 7.8 34.7 22.9 42.6 42.6 11.7 29.5 9 99.5 9 132.1s2.7 102.7-9 132.1z\"><\/path><\/svg><\/a>\n\t\t\t\t\t\t\t\t\t<\/span>\n\t\t\t\t\t\t\t<\/div>\n\t\t\t\n\n      \n\t\t\t<div class=\"uagb-icon-wrapper uagb-block-292505f9      \"\n\t\t\tstyle=\"\" >\n\t\t\t\t\t\t\t\t\t<span class=\"uagb-svg-wrapper\" \n\t\t\t\t\t aria-label=\"facebook-f\"\t\t\t\t\ttabindex=\"0\">\t\t\n\t\t\t\t\t\t\t\t\t\t<a rel=\"noopener noreferrer\" href=\"https:\/\/www.facebook.com\/HospitalpediatricojuanpabloII?mibextid=kFxxJD&#038;rdid=5bzedZuP03FKwVBC&#038;share_url=https%3A%2F%2Fwww.facebook.com%2Fshare%2FVJ8vprA4BaiuBhpx%2F%3Fmibextid%3DkFxxJD%26utm_source%3Dig%26utm_medium%3Dsocial%26utm_content%3Dlink_in_bio-\" target=\"_self\"><svg xmlns=\"https:\/\/www.w3.org\/2000\/svg\" viewBox= \"0 0 320 512\" role=\"graphics-symbol\" aria-hidden=\"false\" aria-label=\"\"><path d=\"M279.1 288l14.22-92.66h-88.91v-60.13c0-25.35 12.42-50.06 52.24-50.06h40.42V6.26S260.4 0 225.4 0c-73.22 0-121.1 44.38-121.1 124.7v70.62H22.89V288h81.39v224h100.2V288z\"><\/path><\/svg><\/a>\n\t\t\t\t\t\t\t\t\t<\/span>\n\t\t\t\t\t\t\t<\/div>\n\t\t\t<\/div>\n<\/div>\n<\/div>\n<\/div>\n","protected":false},"excerpt":{"rendered":"<p>&nbsp;CONTACTO Y HORARIOS Tel\u00e9fono: 0379 447-5300 Todos los d\u00edas Atenci\u00f3n 24 hs. Redes Sociales<\/p>\n","protected":false},"author":8,"featured_media":0,"parent":0,"menu_order":0,"comment_status":"closed","ping_status":"closed","template":"","meta":{"_uag_custom_page_level_css":"","footnotes":""},"class_list":["post-14","page","type-page","status-publish","hentry"],"uagb_featured_image_src":{"full":false,"thumbnail":false,"medium":false,"medium_large":false,"large":false,"1536x1536":false,"2048x2048":false},"uagb_author_info":{"display_name":"Graciela Bonett","author_link":"https:\/\/hospitaljuanpablo.gob.ar\/?author=8"},"uagb_comment_info":0,"uagb_excerpt":"&nbsp;CONTACTO Y HORARIOS Tel\u00e9fono: 0379 447-5300 Todos los d\u00edas Atenci\u00f3n 24 hs. Redes Sociales","_links":{"self":[{"href":"https:\/\/hospitaljuanpablo.gob.ar\/index.php?rest_route=\/wp\/v2\/pages\/14","targetHints":{"allow":["GET"]}}],"collection":[{"href":"https:\/\/hospitaljuanpablo.gob.ar\/index.php?rest_route=\/wp\/v2\/pages"}],"about":[{"href":"https:\/\/hospitaljuanpablo.gob.ar\/index.php?rest_route=\/wp\/v2\/types\/page"}],"author":[{"embeddable":true,"href":"https:\/\/hospitaljuanpablo.gob.ar\/index.php?rest_route=\/wp\/v2\/users\/8"}],"replies":[{"embeddable":true,"href":"https:\/\/hospitaljuanpablo.gob.ar\/index.php?rest_route=%2Fwp%2Fv2%2Fcomments&post=14"}],"version-history":[{"count":7,"href":"https:\/\/hospitaljuanpablo.gob.ar\/index.php?rest_route=\/wp\/v2\/pages\/14\/revisions"}],"predecessor-version":[{"id":2815,"href":"https:\/\/hospitaljuanpablo.gob.ar\/index.php?rest_route=\/wp\/v2\/pages\/14\/revisions\/2815"}],"wp:attachment":[{"href":"https:\/\/hospitaljuanpablo.gob.ar\/index.php?rest_route=%2Fwp%2Fv2%2Fmedia&parent=14"}],"curies":[{"name":"wp","href":"https:\/\/api.w.org\/{rel}","templated":true}]}}

<div style="width: 100%; height: 600px; overflow: hidden;"><iframe loading="lazy" style="border: 0;" src="https://maps.google.com/maps?q=Av.%20Artigas%201435%2C%20Corrientes%20&amp;t=m&amp;z=14&amp;output=embed&amp;iwloc=near" width="100%" height="100%" frameborder="0" marginwidth="0" marginheight="0" scrolling="no" aria-label="Av. Artigas 1435, Corrientes">
    </iframe></div>



<div class="wp-block-group has-global-padding is-content-justification-left is-layout-constrained wp-container-core-group-is-layout-1ad27c61 wp-block-group-is-layout-constrained" style="padding-right:0;padding-left:0">
<p>&nbsp;CONTACTO Y HORARIOS</p>



<p>Teléfono: <strong>0379 447-5300</strong></p>



<p><strong>Todos los días</strong></p>



<p>Atención 24 hs.</p>



<div class="wp-block-group has-global-padding is-layout-constrained wp-block-group-is-layout-constrained">
<div class="wp-block-group is-vertical is-layout-flex wp-container-core-group-is-layout-fe9cc265 wp-block-group-is-layout-flex">
<p>Redes Sociales  </p>



<div class="wp-block-group is-nowrap is-layout-flex wp-container-core-group-is-layout-6c531013 wp-block-group-is-layout-flex">      
			<div class="uagb-icon-wrapper uagb-block-91af326a      "
			style="" >
									<span class="uagb-svg-wrapper" 
					 aria-label="instagram"					tabindex="0">		
										<a rel="noopener noreferrer" href="https://www.instagram.com/hospital.juanpabloll.ctes/" target="_self"><svg xmlns="https://www.w3.org/2000/svg" viewBox= "0 0 448 512" role="graphics-symbol" aria-hidden="false" aria-label=""><path d="M224.1 141c-63.6 0-114.9 51.3-114.9 114.9s51.3 114.9 114.9 114.9S339 319.5 339 255.9 287.7 141 224.1 141zm0 189.6c-41.1 0-74.7-33.5-74.7-74.7s33.5-74.7 74.7-74.7 74.7 33.5 74.7 74.7-33.6 74.7-74.7 74.7zm146.4-194.3c0 14.9-12 26.8-26.8 26.8-14.9 0-26.8-12-26.8-26.8s12-26.8 26.8-26.8 26.8 12 26.8 26.8zm76.1 27.2c-1.7-35.9-9.9-67.7-36.2-93.9-26.2-26.2-58-34.4-93.9-36.2-37-2.1-147.9-2.1-184.9 0-35.8 1.7-67.6 9.9-93.9 36.1s-34.4 58-36.2 93.9c-2.1 37-2.1 147.9 0 184.9 1.7 35.9 9.9 67.7 36.2 93.9s58 34.4 93.9 36.2c37 2.1 147.9 2.1 184.9 0 35.9-1.7 67.7-9.9 93.9-36.2 26.2-26.2 34.4-58 36.2-93.9 2.1-37 2.1-147.8 0-184.8zM398.8 388c-7.8 19.6-22.9 34.7-42.6 42.6-29.5 11.7-99.5 9-132.1 9s-102.7 2.6-132.1-9c-19.6-7.8-34.7-22.9-42.6-42.6-11.7-29.5-9-99.5-9-132.1s-2.6-102.7 9-132.1c7.8-19.6 22.9-34.7 42.6-42.6 29.5-11.7 99.5-9 132.1-9s102.7-2.6 132.1 9c19.6 7.8 34.7 22.9 42.6 42.6 11.7 29.5 9 99.5 9 132.1s2.7 102.7-9 132.1z"></path></svg></a>
									</span>
							</div>
			

      
			<div class="uagb-icon-wrapper uagb-block-292505f9      "
			style="" >
									<span class="uagb-svg-wrapper" 
					 aria-label="facebook-f"					tabindex="0">		
										<a rel="noopener noreferrer" href="https://www.facebook.com/HospitalpediatricojuanpabloII?mibextid=kFxxJD&#038;rdid=5bzedZuP03FKwVBC&#038;share_url=https%3A%2F%2Fwww.facebook.com%2Fshare%2FVJ8vprA4BaiuBhpx%2F%3Fmibextid%3DkFxxJD%26utm_source%3Dig%26utm_medium%3Dsocial%26utm_content%3Dlink_in_bio-" target="_self"><svg xmlns="https://www.w3.org/2000/svg" viewBox= "0 0 320 512" role="graphics-symbol" aria-hidden="false" aria-label=""><path d="M279.1 288l14.22-92.66h-88.91v-60.13c0-25.35 12.42-50.06 52.24-50.06h40.42V6.26S260.4 0 225.4 0c-73.22 0-121.1 44.38-121.1 124.7v70.62H22.89V288h81.39v224h100.2V288z"></path></svg></a>
									</span>
							</div>
			</div>
</div>
</div>
</div>

<p>&nbsp;CONTACTO Y HORARIOS Teléfono: 0379 447-5300 Todos los días Atención 24 hs. Redes Sociales</p>

&nbsp;CONTACTO Y HORARIOS Teléfono: 0379 447-5300 Todos los días Atención 24 hs. Redes Sociales
