{"id":23,"date":"2015-11-19T13:39:25","date_gmt":"2015-11-19T13:39:25","guid":{"rendered":"http:\/\/localhost\/hospital\/?page_id=23"},"modified":"2025-09-03T20:13:55","modified_gmt":"2025-09-03T23:13:55","slug":"mision-vision-y-objetivos","status":"publish","type":"page","link":"https:\/\/hospitaljuanpablo.gob.ar\/?page_id=23","title":{"rendered":"Misi\u00f3n, Visi\u00f3n y Objetivos"},"content":{"rendered":"\n<h3 class=\"wp-block-heading\"><strong>Misi\u00f3n<\/strong><\/h3>\n\n\n\n<p>Brindar una atenci\u00f3n m\u00e9dica <strong>integral, continua e integrada<\/strong>, con foco en la calidad y la equidad en el acceso al servicio.<\/p>\n\n\n\n<p>Asistir a todos los ni\u00f1os desde <strong>1 mes hasta los 15 a\u00f1os<\/strong>, consolid\u00e1ndose como <strong>centro de referencia regional<\/strong> para el abordaje de patolog\u00edas pedi\u00e1tricas de alta complejidad.<\/p>\n\n\n\n<p>Implementar un modelo de atenci\u00f3n basado en <strong>cuidados progresivos<\/strong>, promoviendo la <strong>interdisciplinariedad<\/strong> y la <strong>coordinaci\u00f3n cl\u00ednica<\/strong>, con el fin de considerar al paciente desde una perspectiva integral y personalizada.<\/p>\n\n\n\n<p>Promover y sostener las actividades de <strong>docencia, investigaci\u00f3n y formaci\u00f3n<\/strong>, incentivando el desarrollo cient\u00edfico y tecnol\u00f3gico a trav\u00e9s de <strong>sistemas de Residencias<\/strong> y programas de capacitaci\u00f3n continua.<\/p>\n\n\n\n<p>Actuar con <strong>compromiso \u00e9tico<\/strong>, priorizando la seguridad, la salud ocupacional y el impacto positivo en el desarrollo de la comunidad en la que est\u00e1 inserto.<\/p>\n\n\n\n<hr class=\"wp-block-separator has-alpha-channel-opacity\"\/>\n\n\n\n<h3 class=\"wp-block-heading\"><strong>Visi\u00f3n<\/strong><\/h3>\n\n\n\n<p>Ser referente en el abordaje de pacientes pedi\u00e1tricos con enfermedades complejas, a trav\u00e9s de un enfoque <strong>interdisciplinario<\/strong> y centrado en el paciente, que favorezca su calidad de vida.<\/p>\n\n\n\n<p>Mantener el <strong>m\u00e1s alto nivel tecnol\u00f3gico y cient\u00edfico<\/strong>, capacitando continuamente a su equipo humano.<\/p>\n\n\n\n<p>Liderar la <strong>incorporaci\u00f3n de avances cient\u00edficos<\/strong> y modelos de gesti\u00f3n innovadores, fortaleciendo la <strong>docencia<\/strong> y la <strong>investigaci\u00f3n cl\u00ednica<\/strong>.<\/p>\n\n\n\n<p>Impulsar una <strong>gesti\u00f3n por procesos y objetivos<\/strong>, orientada a la mejora continua.<\/p>\n\n\n\n<hr class=\"wp-block-separator has-alpha-channel-opacity\"\/>\n\n\n\n<h3 class=\"wp-block-heading\"><strong>Objetivo<\/strong><\/h3>\n\n\n\n<p style=\"margin-top:0;margin-bottom:0\">Responder eficazmente a las necesidades sanitarias de la poblaci\u00f3n infantil del nordeste argentino mediante un modelo de atenci\u00f3n <strong>humanizado y de alta complejidad<\/strong>.<\/p>\n\n\n\n<p>El Hospital se destaca por su infraestructura moderna, sus <strong>recursos tecnol\u00f3gicos de avanzada<\/strong> y su <strong>equipo altamente capacitado<\/strong>, lo cual le permite cumplir con funciones clave de <strong>asistencia m\u00e9dica, docencia e investigaci\u00f3n<\/strong>.<\/p>\n\n\n\n<p>Cuenta con un sistema bien estructurado de <strong>niveles de atenci\u00f3n progresiva<\/strong>, tanto ambulatoria como de internaci\u00f3n, que garantiza una respuesta adecuada y oportuna, ya sea ante situaciones de <strong>urgencia<\/strong> como en casos de atenci\u00f3n <strong>programada<\/strong>.<\/p>\n\n\n<figure style=\"padding-top:var(--wp--preset--spacing--xx-large);padding-bottom:var(--wp--preset--spacing--xx-large);margin-top:0;margin-bottom:0;\" class=\"wp-block-post-featured-image\"><img loading=\"lazy\" decoding=\"async\" width=\"2048\" height=\"1536\" src=\"https:\/\/hospitaljuanpablo.gob.ar\/demo\/wp-content\/uploads\/2022\/10\/1.jpg\" class=\"attachment-post-thumbnail size-post-thumbnail wp-post-image\" alt=\"\" style=\"object-fit:cover;\" srcset=\"https:\/\/hospitaljuanpablo.gob.ar\/demo\/wp-content\/uploads\/2022\/10\/1.jpg 2048w, https:\/\/hospitaljuanpablo.gob.ar\/demo\/wp-content\/uploads\/2022\/10\/1-300x225.jpg 300w, https:\/\/hospitaljuanpablo.gob.ar\/demo\/wp-content\/uploads\/2022\/10\/1-1024x768.jpg 1024w, https:\/\/hospitaljuanpablo.gob.ar\/demo\/wp-content\/uploads\/2022\/10\/1-768x576.jpg 768w, https:\/\/hospitaljuanpablo.gob.ar\/demo\/wp-content\/uploads\/2022\/10\/1-1536x1152.jpg 1536w, https:\/\/hospitaljuanpablo.gob.ar\/demo\/wp-content\/uploads\/2022\/10\/1-830x623.jpg 830w, https:\/\/hospitaljuanpablo.gob.ar\/demo\/wp-content\/uploads\/2022\/10\/1-230x173.jpg 230w, https:\/\/hospitaljuanpablo.gob.ar\/demo\/wp-content\/uploads\/2022\/10\/1-350x263.jpg 350w, https:\/\/hospitaljuanpablo.gob.ar\/demo\/wp-content\/uploads\/2022\/10\/1-480x360.jpg 480w\" sizes=\"auto, (max-width: 2048px) 100vw, 2048px\" \/><\/figure>","protected":false},"excerpt":{"rendered":"<p>Misi\u00f3n Brindar una atenci\u00f3n m\u00e9dica integral, continua e integrada, con foco en la calidad y la equidad en el acceso al servicio. Asistir a todos los ni\u00f1os desde 1 mes hasta los 15 a\u00f1os, consolid\u00e1ndose como centro de referencia regional para el abordaje de patolog\u00edas pedi\u00e1tricas de alta complejidad. Implementar un modelo de atenci\u00f3n basado [&hellip;]<\/p>\n","protected":false},"author":10,"featured_media":2006,"parent":0,"menu_order":0,"comment_status":"closed","ping_status":"closed","template":"","meta":{"_uag_custom_page_level_css":"","footnotes":""},"class_list":["post-23","page","type-page","status-publish","has-post-thumbnail","hentry"],"uagb_featured_image_src":{"full":["https:\/\/hospitaljuanpablo.gob.ar\/demo\/wp-content\/uploads\/2022\/10\/1.jpg",2048,1536,false],"thumbnail":["https:\/\/hospitaljuanpablo.gob.ar\/demo\/wp-content\/uploads\/2022\/10\/1-150x150.jpg",150,150,true],"medium":["https:\/\/hospitaljuanpablo.gob.ar\/demo\/wp-content\/uploads\/2022\/10\/1-300x225.jpg",300,225,true],"medium_large":["https:\/\/hospitaljuanpablo.gob.ar\/demo\/wp-content\/uploads\/2022\/10\/1-768x576.jpg",768,576,true],"large":["https:\/\/hospitaljuanpablo.gob.ar\/demo\/wp-content\/uploads\/2022\/10\/1-1024x768.jpg",1024,768,true],"1536x1536":["https:\/\/hospitaljuanpablo.gob.ar\/demo\/wp-content\/uploads\/2022\/10\/1-1536x1152.jpg",1536,1152,true],"2048x2048":["https:\/\/hospitaljuanpablo.gob.ar\/demo\/wp-content\/uploads\/2022\/10\/1.jpg",2048,1536,false]},"uagb_author_info":{"display_name":"Ian Zimmermann","author_link":"https:\/\/hospitaljuanpablo.gob.ar\/?author=10"},"uagb_comment_info":0,"uagb_excerpt":"Misi\u00f3n Brindar una atenci\u00f3n m\u00e9dica integral, continua e integrada, con foco en la calidad y la equidad en el acceso al servicio. Asistir a todos los ni\u00f1os desde 1 mes hasta los 15 a\u00f1os, consolid\u00e1ndose como centro de referencia regional para el abordaje de patolog\u00edas pedi\u00e1tricas de alta complejidad. Implementar un modelo de atenci\u00f3n basado&hellip;","_links":{"self":[{"href":"https:\/\/hospitaljuanpablo.gob.ar\/index.php?rest_route=\/wp\/v2\/pages\/23","targetHints":{"allow":["GET"]}}],"collection":[{"href":"https:\/\/hospitaljuanpablo.gob.ar\/index.php?rest_route=\/wp\/v2\/pages"}],"about":[{"href":"https:\/\/hospitaljuanpablo.gob.ar\/index.php?rest_route=\/wp\/v2\/types\/page"}],"author":[{"embeddable":true,"href":"https:\/\/hospitaljuanpablo.gob.ar\/index.php?rest_route=\/wp\/v2\/users\/10"}],"replies":[{"embeddable":true,"href":"https:\/\/hospitaljuanpablo.gob.ar\/index.php?rest_route=%2Fwp%2Fv2%2Fcomments&post=23"}],"version-history":[{"count":9,"href":"https:\/\/hospitaljuanpablo.gob.ar\/index.php?rest_route=\/wp\/v2\/pages\/23\/revisions"}],"predecessor-version":[{"id":2289,"href":"https:\/\/hospitaljuanpablo.gob.ar\/index.php?rest_route=\/wp\/v2\/pages\/23\/revisions\/2289"}],"wp:featuredmedia":[{"embeddable":true,"href":"https:\/\/hospitaljuanpablo.gob.ar\/index.php?rest_route=\/wp\/v2\/media\/2006"}],"wp:attachment":[{"href":"https:\/\/hospitaljuanpablo.gob.ar\/index.php?rest_route=%2Fwp%2Fv2%2Fmedia&parent=23"}],"curies":[{"name":"wp","href":"https:\/\/api.w.org\/{rel}","templated":true}]}}

Misión, Visión y Objetivos

<h3 class="wp-block-heading"><strong>Misión</strong></h3>



<p>Brindar una atención médica <strong>integral, continua e integrada</strong>, con foco en la calidad y la equidad en el acceso al servicio.</p>



<p>Asistir a todos los niños desde <strong>1 mes hasta los 15 años</strong>, consolidándose como <strong>centro de referencia regional</strong> para el abordaje de patologías pediátricas de alta complejidad.</p>



<p>Implementar un modelo de atención basado en <strong>cuidados progresivos</strong>, promoviendo la <strong>interdisciplinariedad</strong> y la <strong>coordinación clínica</strong>, con el fin de considerar al paciente desde una perspectiva integral y personalizada.</p>



<p>Promover y sostener las actividades de <strong>docencia, investigación y formación</strong>, incentivando el desarrollo científico y tecnológico a través de <strong>sistemas de Residencias</strong> y programas de capacitación continua.</p>



<p>Actuar con <strong>compromiso ético</strong>, priorizando la seguridad, la salud ocupacional y el impacto positivo en el desarrollo de la comunidad en la que está inserto.</p>



<hr class="wp-block-separator has-alpha-channel-opacity"/>



<h3 class="wp-block-heading"><strong>Visión</strong></h3>



<p>Ser referente en el abordaje de pacientes pediátricos con enfermedades complejas, a través de un enfoque <strong>interdisciplinario</strong> y centrado en el paciente, que favorezca su calidad de vida.</p>



<p>Mantener el <strong>más alto nivel tecnológico y científico</strong>, capacitando continuamente a su equipo humano.</p>



<p>Liderar la <strong>incorporación de avances científicos</strong> y modelos de gestión innovadores, fortaleciendo la <strong>docencia</strong> y la <strong>investigación clínica</strong>.</p>



<p>Impulsar una <strong>gestión por procesos y objetivos</strong>, orientada a la mejora continua.</p>



<hr class="wp-block-separator has-alpha-channel-opacity"/>



<h3 class="wp-block-heading"><strong>Objetivo</strong></h3>



<p style="margin-top:0;margin-bottom:0">Responder eficazmente a las necesidades sanitarias de la población infantil del nordeste argentino mediante un modelo de atención <strong>humanizado y de alta complejidad</strong>.</p>



<p>El Hospital se destaca por su infraestructura moderna, sus <strong>recursos tecnológicos de avanzada</strong> y su <strong>equipo altamente capacitado</strong>, lo cual le permite cumplir con funciones clave de <strong>asistencia médica, docencia e investigación</strong>.</p>



<p>Cuenta con un sistema bien estructurado de <strong>niveles de atención progresiva</strong>, tanto ambulatoria como de internación, que garantiza una respuesta adecuada y oportuna, ya sea ante situaciones de <strong>urgencia</strong> como en casos de atención <strong>programada</strong>.</p>


<figure style="padding-top:var(--wp--preset--spacing--xx-large);padding-bottom:var(--wp--preset--spacing--xx-large);margin-top:0;margin-bottom:0;" class="wp-block-post-featured-image"><img loading="lazy" decoding="async" width="2048" height="1536" src="https://hospitaljuanpablo.gob.ar/demo/wp-content/uploads/2022/10/1.jpg" class="attachment-post-thumbnail size-post-thumbnail wp-post-image" alt="" style="object-fit:cover;" srcset="https://hospitaljuanpablo.gob.ar/demo/wp-content/uploads/2022/10/1.jpg 2048w, https://hospitaljuanpablo.gob.ar/demo/wp-content/uploads/2022/10/1-300x225.jpg 300w, https://hospitaljuanpablo.gob.ar/demo/wp-content/uploads/2022/10/1-1024x768.jpg 1024w, https://hospitaljuanpablo.gob.ar/demo/wp-content/uploads/2022/10/1-768x576.jpg 768w, https://hospitaljuanpablo.gob.ar/demo/wp-content/uploads/2022/10/1-1536x1152.jpg 1536w, https://hospitaljuanpablo.gob.ar/demo/wp-content/uploads/2022/10/1-830x623.jpg 830w, https://hospitaljuanpablo.gob.ar/demo/wp-content/uploads/2022/10/1-230x173.jpg 230w, https://hospitaljuanpablo.gob.ar/demo/wp-content/uploads/2022/10/1-350x263.jpg 350w, https://hospitaljuanpablo.gob.ar/demo/wp-content/uploads/2022/10/1-480x360.jpg 480w" sizes="auto, (max-width: 2048px) 100vw, 2048px" /></figure>

<p>Misión Brindar una atención médica integral, continua e integrada, con foco en la calidad y la equidad en el acceso al servicio. Asistir a todos los niños desde 1 mes hasta los 15 años, consolidándose como centro de referencia regional para el abordaje de patologías pediátricas de alta complejidad. Implementar un modelo de atención basado [&hellip;]</p>

Misión Brindar una atención médica integral, continua e integrada, con foco en la calidad y la equidad en el acceso al servicio. Asistir a todos los niños desde 1 mes hasta los 15 años, consolidándose como centro de referencia regional para el abordaje de patologías pediátricas de alta complejidad. Implementar un modelo de atención basado&hellip;
